ber?
False
Let g be -43*10*(1 - 2). Suppose 0 = -3*b + 1475 + g. Suppose 2*d + 3*d = b. Is d a prime number?
True
Suppose 3*a + 299 = 4*a - 3*y, -3*a = 2*y - 875. Is a composite?
False
Suppose 4*t - 668 = 4*v, -2*t + 3*v + 338 = -0*t. Is t a composite number?
False
Let x be 3/15 - 4/20. Let z = x - -331. Is z composite?
False
Suppose 5*u = 376 + 99. Suppose q - 11 = -67. Let i = q + u. Is i a composite number?
True
Let n = -98 + 561. Is n a prime number?
True
Suppose 5*o = -w + 3111, -388 - 2108 = -4*o + w. Is o a composite number?
True
Let l = -86 - -467. Suppose -u - l = -4*u + 5*t, -3*t + 381 = 3*u. Is u a prime number?
True
Suppose -17*g + 1315 = -2952. Is g a prime number?
True
Suppose 6*l + 47 = l + 2*o, l - 2*o + 3 = 0. Let c(d) = -d - 9. Let f be c(l). Suppose f = 2*i - 0, -4*z + 3*i = -73. Is z a composite number?
False
Suppose -2*x + 880 = 24. Is -2*(x/(-8) - 2) a composite number?
True
Let c(o) = 478*o - 37. Is c(8) a composite number?
True
Let d(b) = -b**3 + 13*b**2 + b + 9. Is d(13) composite?
True
Let w be (-1)/(1*(-2)/138). Let k = 98 - w. Suppose 82 = i + k. Is i composite?
False
Let p(v) = v**3 + 17*v**2 - 2*v - 3. Is p(-5) composite?
False
Let f(l) = -657*l - 4. Is f(-7) prime?
False
Let i be 4060/5*(-2)/(-4). Suppose 5*r - 1673 = 4*h, 4*h - 81 = r - i. Is r prime?
True
Let h be 4/((-4)/(1 + 1)). Is (-2)/h*(11 - -4) a prime number?
False
Let n be 1/(1/6) + 0. Suppose -r = -4*r + 2*i + 73, 3*i + n = 0. Is r a composite number?
False
Let h(d) = 7*d**2 + 16*d - 8. Is h(7) a composite number?
True
Suppose -3*c + 428 = c. Suppose -5*a = -3*a + h + 106, -5*h = -2*a - 118. Let r = a + c. Is r prime?
True
Let y = 37 - 6. Is y prime?
True
Suppose -4*x + 4 = -5*a + 25, 2*x = -5*a + 27. Let c = x - -6. Is c a prime number?
True
Let o(m) = m**3 + 5*m**2 + m + 6. Let g be o(-5). Let n = g - -24. Is n a composite number?
True
Let k be -1*10/(-1) - 1. Let z(d) = 8 - 9*d**2 + 5*d**2 + 5*d**2 - 4*d. Is z(k) composite?
False
Suppose -c + 1 = c - 5*r, 4*r + 8 = 4*c. Suppose 2*h - 472 = 2*g, 0*h + 2*h - 469 = c*g. Is h prime?
True
Is 33*((-2)/(-3))/2 a prime number?
True
Let m(n) = 5*n**2 - 11*n - 1. Let l(v) = -v**2 + v. Let o(q) = -4*l(q) - m(q). Let f = 5 - 0. Is o(f) prime?
True
Let y(d) = -13*d + 3. Let a be y(-7). Suppose a = -5*o + 7*o. Is o a composite number?
False
Let s = 234 - 128. Is s a composite number?
True
Let i(w) = -w**2 - 5*w + 2. Let s be i(-4). Let a be -3 + s/2 - -58. Let k = 31 + a. Is k a prime number?
True
Let c be 3 - (1 + (-4)/2). Suppose 75 = c*z - 801. Is z + -4 + (3 - 1) prime?
False
Let n(g) = g**2 + 0 - 9 + 11*g + 0*g**2. Let w be n(-8). Is 2*-1 + (0 - w) prime?
True
Suppose 3*t + s - 4 = 3*s, 0 = 3*t - 3*s - 9. Let q be (-5 + 5)/(1 + t). Suppose q + 3 = m. Is m a prime number?
True
Suppose -4*v - 3*s = -6*v + 15, 5*s = -5*v. Suppose v*w = w + 326. Is w a composite number?
False
Let m(d) = 19*d**2 + 21*d + 2. Let o(b) = -9*b**2 - 10*b - 1. Let k(i) = -6*m(i) - 13*o(i). Is k(-4) composite?
True
Suppose 0*y + 7*y - 1869 = 0. Is y prime?
False
Let g = 115 - 75. Let v be ((-3)/(-6))/(2/g). Suppose 0 = -3*n + 4*i + 428 + 41, 0 = 2*i - v. Is n composite?
False
Let r be 0/(7/((-14)/4)). Is 219 - (r/(-1))/3 prime?
False
Suppose -5 = -v, -6*h + 1979 = -2*h + 3*v. Is h prime?
True
Suppose -3 = -2*z + 5. Suppose -2*k + z*k + 8 = 0. Is (-3 - -2) + (-48)/k prime?
True
Let v(r) = -r**3 + 6*r**2 + 6*r - 5. Let q(l) = l + 1. Let x be q(-2). Let p = x - -5. Is v(p) a composite number?
True
Let t(o) = -o**2 + o + 131. Let f be t(0). Let k = f + -78. Is k prime?
True
Let i(f) = -58*f - 1. Is i(-6) a prime number?
True
Suppose 0 = -3*o - 3*a, 9*a + 6 = -2*o + 4*a. Suppose s - 3 = 0, -t = 4*s - 12 - o. Suppose -t*h - 15 = -37. Is h composite?
False
Suppose s + 5*x + 154 = 621, -2*s + 954 = 5*x. Is s prime?
True
Let t = 20 - -251. Is t a prime number?
True
Let g(b) = 4*b**3 - 4*b**2 + b. Let p be g(3). Suppose 4*n - p = 273. Is n prime?
False
Let m(j) = 2*j**3 - 17*j**2 + 16*j - 5. Is m(12) a prime number?
False
Let x = 1069 - 591. Is x prime?
False
Suppose 4*i - 5*n - 1773 = 742, -i + 5*n + 610 = 0. Is i a composite number?
True
Let n = -5 + 6. Let k(o) = 10*o**2 - 4*o**3 - 2*o - 1 + 5*o**3 + n + 5. Is k(-8) a prime number?
True
Suppose -2*c + 1448 + 10566 = 0. Is c a composite number?
False
Suppose 0 = -5*j + x + 1375, 2*x + 3*x = -j + 249. Is j prime?
False
Suppose -5*x - t + 2777 = 2*t, -545 = -x + 2*t. Is x a composite number?
True
Let f = -1598 + 2385. Is f a prime number?
True
Suppose 5*z + 2435 = 10*z. Is z composite?
False
Suppose -4*f + 5*i = 47, -50 = 4*f - 3*i + 7. Let b be (-4)/((-3)/f*-1). Let j = b - 5. Is j a composite number?
False
Is ((-3)/9)/(1/(-1167)) prime?
True
Let x(i) = -i**3 - 6*i**2 - 7*i - 5. Let o be x(-5). Suppose -o = -3*n + 8*n. Is 8*(-3)/(-2) - n composite?
False
Let b = 119 - 250. Let q = b + 540. Is q a composite number?
False
Let q(x) = 4*x + 2*x - 4*x. Let s be (-4)/6*45/(-6). Is q(s) a composite number?
True
Let m(u) = 3*u**2 - u**3 - 1 + 1 + 2. Let k be 1/(9/(-6) + 2). Is m(k) prime?
False
Suppose -3*k + 907 = -314. Is k composite?
True
Suppose -3*x + 3177 + 4730 = 5*r, 0 = -2*r + 4*x + 3142. Is r a composite number?
False
Suppose -2*c - 4*c = -31038. Is c a prime number?
False
Suppose -6 = 2*o - 5*o, 4*w = -5*o - 150. Let t = 95 + w. Is t composite?
True
Let p(z) be the third derivative of -z**6/40 + z**5/60 + z**4/6 - 2*z**3/3 + 2*z**2. Let r be p(3). Is -1 - (-2 + r/1) a composite number?
True
Let x(c) = -c**2 - c. Let p(r) = -4*r**2 - 3*r + 1. Let z(w) = -2*p(w) + 7*x(w). Let i be z(2). Suppose 3*y - 5*m = 127, i = -2*y + 6*y + 5*m - 216. Is y prime?
False
Let f(k) = k + 2*k**2 + 3*k**2 - 2 + 2 - 1. Is f(-5) prime?
False
Suppose 2*j + 4*r + 362 = 118, 5*j - r = -555. Let u = 189 + j. Is u prime?
False
Suppose -5*f - 15 = -2*v + 412, -v + 2*f + 213 = 0. Is v prime?
True
Suppose 2*u + 92 = 16. Let k = 72 + u. Is k composite?
True
Suppose u - 3*j = 182, -659 = -5*u + 4*j + 284. Is u composite?
False
Let j be (1 - 2)*-5 - 0. Suppose -2*k = 2*k + c - 13, k = -j*c + 27. Is k a composite number?
False
Suppose -4*c = h - 5, -2*c + 5*h = 3*c. Is 1/(3/327*c) prime?
True
Suppose -2*l + 881 = 3*v - 476, 0 = 3*l + 2*v - 2033. Is l prime?
True
Let z = 150 + -1. Is z prime?
True
Is ((-10158)/(-30))/(1/5) composite?
False
Suppose 3*d + 2*d + 4*l = 0, -d - 24 = -4*l. Is (22/d)/((-3)/222) prime?
False
Let g(d) = -d**2 - 8*d + 5. Let f be g(10). Is (-12)/(-6) - (0 + f) a composite number?
True
Let g(f) = 22*f**2 + f. Suppose -3 = 5*u - 3*r + 2*r, -5*u + 4*r = -3. Is g(u) a prime number?
False
Is 2/(-10) + 14124/20 a composite number?
True
Suppose -12*r + 1212 = -8*r. Is r a prime number?
False
Let g = -234 - -1193. Is g a composite number?
True
Is (2724/4 - -2) + -4 prime?
False
Let z(c) = 49*c - 4. Is z(3) a prime number?
False
Let j(u) = -4*u + 5*u**2 + 5 - 2*u**2 + u**2. Suppose 0*p + p - 4 = 0. Is j(p) a prime number?
True
Let w = 0 + 0. Let a be ((-6)/4)/((-3)/56). Suppose w*c + 4*c = a. Is c a composite number?
False
Suppose 5*k + 5*x = 25, 65 = 5*k + 3*x - 6*x. Let z(q) = q**3 - 9*q**2 - 8*q - 9. Let p be z(k). Suppose -p = -g + 3. Is g a prime number?
False
Is ((-40)/(-25))/(-4) - 4094/(-10) prime?
True
Let p(a) = 198*a - 7. Is p(6) a prime number?
True
Let j(a) = 19*a + 13. Is j(6) a prime number?
True
Let q(s) be the first derivative of 23*s**2 + 7*s - 4. Is q(7) prime?
False
Is (2/5)/(14/5110) composite?
True
Let k(d) = -4*d**3 - 2*d**2 + 2*d - 3. Let f be k(-3). Suppose -f = c - 244. Is c composite?
False
Suppose -5*n = -0*z - 2*z - 2715, -n + 526 = 3*z. Is n a composite number?
False
Let y(k) = k + 1. Let u be y(-1). Suppose g + 3*n = 36, 4*n = -u*g - 2*g + 62. Suppose -2*b - b + g = 0. Is b a prime number?
True
Suppose 161 = 2*g - g. Is g prime?
False
Let o = 9 - 4. Suppose l + 184 = o*l. Is l composite?
True
Suppose -4*s + 4 = 4*c, -2*c = -0*c + 3*s + 1. Suppose -8 = -c*y, -y + 3*y = -5*o + 529. Suppose 6*k - o = k. Is k composite?
True
Suppose 33*h = 34*h - 15. Is h a composite number?
True
Suppose -100 - 1 = -5*b - 2*x, 2*x = 5*b - 89. Let c be -1*(3*-1 - -1). Suppose -i + c*i = b. Is i composite?
False
Suppose d = k - 3*k + 5, 4*d = -3*k + 20. Suppose -5*p + 2*j + 188 = 0, p - 36 = -k*p + 